-2*x. What are the prime factors of x?
3
Suppose 0 = 5*c - 5*a + 2*a - 61, -6 = 3*a. Suppose -2*z + 83 = c. Suppose -2*v + z = 2*v. List the prime factors of v.
3
Suppose 2*u + g + 4 = 3*g, -2*u + 3*g = 9. What are the prime factors of u?
3
Suppose 4*o + 13 = g, 4*o + 20 - 5 = 3*g. Let k(d) = -d**3 + 3*d + 2. List the prime factors of k(o).
2, 5
Suppose -3*u + 57 = 4*q + 8, -2*u = -q - 18. What are the prime factors of u?
11
Let r(w) be the third derivative of -w**5/60 + 5*w**4/24 + 2*w**2. Let h be r(5). Suppose b + 2 - 10 = h. List the prime factors of b.
2
Suppose -3*i + 2*y - 3*y = -51, 2*y + 74 = 5*i. List the prime factors of 4*-1*(-8)/i.
2
Let l be (16/(-14))/4*-7. Suppose 0 = 2*y + z - 34, l*y - 5*y = 3*z - 54. List the prime factors of y.
2
Suppose -212 = -2*a + 296. Let q = 152 - a. List the prime factors of 4/6 - q/9.
2, 3
Suppose -5*c - 3*o - 74 = -10*c, 6 = -2*o. What are the prime factors of c?
13
Suppose -23 = -2*d - a - 8, 2*a = -2*d + 20. Suppose 3*n = d*n - 20. Let i = 17 - n. What are the prime factors of i?
7
Let l(q) = -q**3 - 8*q**2 - 3*q + 7. List the prime factors of l(-8).
31
List the prime factors of 23 - (5 - 3) - 2.
19
Let s = 29 - 18. Let u(v) = 1 - 13 - 8*v + 5*v + 5*v. What are the prime factors of u(s)?
2, 5
Let t(g) = -2*g**3 - 4*g**2 + 2*g + 3. List the prime factors of t(-4).
59
Let f(d) = -d**2 - 5*d + 7. Let q be f(-5). Suppose -4*u - 129 = -q*u. What are the prime factors of u?
43
Let a(t) = t**2 - 4*t + 3. Let z be a(3). Suppose z = 5*g - 0*g. Suppose g = 3*p - 3 - 12, -2*p + 6 = -w. What are the prime factors of w?
2
Suppose -a - a + 24 = 0. Let d be ((-8)/a)/(1/(-3)). Let x(n) = 9*n - 1. List the prime factors of x(d).
17
Suppose -12*s = -15*s + 672. What are the prime factors of s?
2, 7
Let i(c) = c**3 + 3*c**2. Let x be i(-2). Suppose 3*r = 3*n - 2*r - 60, x*r = -5*n + 100. List the prime factors of n.
2, 5
Let i(k) = 2*k**2 - 19*k + 1. List the prime factors of i(13).
2, 23
Suppose 0*c - 3*c + 51 = 0. List the prime factors of c.
17
Suppose -39 = -v - 1. What are the prime factors of v?
2, 19
Let k = 3 + -3. Suppose k = -2*t - 0*t + 68. Let g = t + -23. What are the prime factors of g?
11
Suppose 140 = -4*z + 384. What are the prime factors of z?
61
Let s(f) = f - 7. Let u be s(8). Let t = u - -1. List the prime factors of t.
2
Suppose 65 = 3*w - 4*g, -g - 23 = 2*w - 70. Let n = w + -10. List the prime factors of n.
13
Let w(r) be the first derivative of r**6/180 - r**5/120 + r**4/24 - r**3/3 - 2. Let u(i) be the third derivative of w(i). List the prime factors of u(-2).
11
Suppose 28 = 3*b - 5. Let n(p) = -1. Let z(j) = -2*j + 12. Let a(s) = -n(s) - z(s). What are the prime factors of a(b)?
11
List the prime factors of (-2 + -1)*180/(-54).
2, 5
Let a = 18 - 6. Let i(g) = g**3 - 12*g**2 + g + 16. What are the prime factors of i(a)?
2, 7
Let c be (-17)/(-6) - 2/(-12). Suppose -8 = -c*b + b. Suppose r - 2*n - 18 = 0, -b*r + 5*n - n + 64 = 0. List the prime factors of r.
2, 7
Let a(c) be the first derivative of -c**3/3 + 3*c**2 + 2*c - 2. Let m be a(7). What are the prime factors of m*(-2)/(-5)*-3?
2, 3
Suppose 0 = -3*b - 3*a - 2*a + 16, 2 = -b + 2*a. Suppose 2*q - 124 = -b*q. List the prime factors of q.
31
Suppose -8*a = -4*a - n - 457, 0 = 4*a + 2*n - 442. What are the prime factors of a?
113
Suppose 5*m = 2*n + 96, 3*m - m = 5*n + 51. List the prime factors of m.
2, 3
Suppose 0 = 4*z - x + 9, -3*z = -8*z + 2*x - 9. Let v(a) = -6*a. List the prime factors of v(z).
2, 3
Let s(j) = -j**3 - 14*j**2 + 2*j + 12. What are the prime factors of s(-15)?
3, 23
Suppose a = -d, 10*a - 5*a = -4*d. Suppose 60 = 2*x + 4*i, -110 = -3*x - i - 0*i. Suppose d = -4*t - g - 0*g + x, -4 = -2*g. List the prime factors of t.
3
What are the prime factors of 56 - 10*5/10?
3, 17
Suppose 7*z = -z + 712. List the prime factors of z.
89
Suppose 40 = 3*j + 4. What are the prime factors of j?
2, 3
Let g = -6 - -11. Suppose 2*y + 1 + 8 = g*q, -5*y + q = -12. Suppose -2*x = y*x - 20. What are the prime factors of x?
2
Let p be (-2)/(-2 + (-2 - -2)). Suppose -u = -3 + p. Suppose -2*z + 2 = -2*a - u, -3*z + 6 = 2*a. What are the prime factors of z?
2
Suppose d + 1 = 5. Suppose -d*n + 26 = -14. What are the prime factors of n?
2, 5
Let s(m) = m**2 - m + 3. Let p be -2 + 0 + 5/(-1). Let n = -7 - p. List the prime factors of s(n).
3
Let j be 3/15 - (-48)/10. Suppose 4*z + 5*p + 2 = 0, p - 13 = -j*z - 5. What are the prime factors of z?
2
Let r(h) = h**2 - 3*h - 1. Let y = 0 + -6. Let k be -12*(-3 + 6)/y. What are the prime factors of r(k)?
17
Let f(h) = -h**3 - 10*h**2 - 4*h - 2. What are the prime factors of f(-10)?
2, 19
Suppose 17 = -3*p - 1. Let u = 6 - p. List the prime factors of (2/4)/(3/u).
2
Let f(h) = -34*h - 15. What are the prime factors of f(-7)?
223
Let p(v) = 16 - v + v**2 - 16 + 19 + 20. Let j be p(0). Suppose j = 4*z - 17. List the prime factors of z.
2, 7
Let k(x) = -x**3 - 5*x**2 - 2*x - 5. Let b be k(-5). Let p be (-4 - 6)*b/(-2). Suppose 0 = -2*a - 3*z + 23, -p = 5*z - 10*z. What are the prime factors of a?
2
Let q(f) be the first derivative of 5*f**3/3 - f**2/2 + f + 2. List the prime factors of q(1).
5
Suppose -2*l + 4 = 2*d, 3*d + 0*l = -l + 2. Let b = 1 + 3. Suppose b = w - d*w. What are the prime factors of w?
2
Let o(g) = -72*g - 41. What are the prime factors of o(-3)?
5, 7
Suppose -2*o = -4*o + 2. Let h = o + -1. Let f = h - -5. List the prime factors of f.
5
Let r = -3 + -1. List the prime factors of 1/4 - 51/r.
13
Let y be 0*(0 + (2 - 1)). Suppose y*a - 14 = -2*a - 5*r, a + 2*r - 6 = 0. Suppose -a = -n - 0*n. List the prime factors of n.
2
Let s(w) = 3*w - 6. Let i be 6/12 + 3/2. Let z be (-3 - 6)/((-3)/i). What are the prime factors of s(z)?
2, 3
Suppose -45 = -t - p, -5*t = p - 238 - 7. Let g = t + -20. What are the prime factors of g?
2, 3, 5
Let i(o) = -o**3 - 7*o**2 - 2*o - 10. Let u be i(-7). Let j(t) = t**3 - 2*t**2 + t - 1. What are the prime factors of j(u)?
5, 7
Let v(w) be the first derivative of 5*w**3/3 - 2*w + 2. Suppose -4*c = -3*c + 2. List the prime factors of v(c).
2, 3
Let a(z) = z**2 + 13*z. Let f be a(-13). Suppose f = -4*l + 36. List the prime factors of l.
3
Let j(m) = 7*m**3 - 1. Let o = 5 + -1. Suppose 2*z = -2 + o. What are the prime factors of j(z)?
2, 3
Let n = -3 - -13. Suppose 0 = -3*z + 3*x - 3, -4*z - 5*x = -22 - n. List the prime factors of (z + -2)/((-5)/(-10)).
2
What are the prime factors of (-34)/85 + (-394)/(-10)?
3, 13
Suppose 2*p = -0*p. Suppose p = -6*t + 2*t. Suppose -7*j - 4*k = -2*j - 40, t = 2*j + 5*k - 33. What are the prime factors of j?
2
Let b be (16 - -4)/(-1 - -3). Let p = 9 - b. Let k = 3 - p. What are the prime factors of k?
2
Let a be ((-6)/8)/((-1)/4). What are the prime factors of (8/a)/((-6)/(-90))?
2, 5
Suppose -2*c = -2*y, -3*y + 0*y = c. Let d = y + 2. List the prime factors of d.
2
List the prime factors of (-49)/(-1) - 8/4.
47
Suppose 0 = -7*z + 3*z + 84. Let u be (-4)/4 + 1*20. Suppose -4*i + u + z = 0. What are the prime factors of i?
2, 5
Let u be 135/7 + 2/(-7). Let a = u - 10. Let g = a + -2. What are the prime factors of g?
7
Let w = 42 - -6. What are the prime factors of w?
2, 3
Let o(l) = -5*l - 4. Let d(k) be the second derivative of -k**3/6 - k. Let u(w) = -4*d(w) + o(w). What are the prime factors of u(-6)?
2
Let q = 20 + -18. Suppose 28 - 2 = q*k. What are the prime factors of k?
13
Suppose 0 = -5*a - 5*g + 220, 2*g - 173 = -4*a - g. List the prime factors of a.
41
List the prime factors of -54*(3 + (-8 - -4)).
2, 3
Let r be (2*1)/((-8)/(-12)). List the prime factors of (-3)/r - 0 - -20.
19
Suppose 4*j = -4*y + 16, -5*j - 2*y = y - 20. List the prime factors of j.
2
Suppose 5*g - g = 8. Suppose d - g*h = -d - 6, 4*h - 12 = 0. Suppose d = -3*z - 2*z + 10. What are the prime factors of z?
2
Let j(u) = -u. Let z be j(4). Let d(x) = -5*x - 7. What are the prime factors of d(z)?
13
Let o(m) = m**3 - 19*m**2 + 22*m - 40. List the prime factors of o(18).
2
Let l = -46 + 11. Let g = 4 - l. What are the prime factors of g?
3, 13
Suppose 4*z = -57 + 409. List the prime factors of z.
2, 11
Let i be (3/1)/3*-5. Let z(b) = b + 1. Let u(k) = -1. Let m(o) = -u(o) - 2*z(o). List the prime factors of m(i).
3
Let u(x) = -26*x**2 - 1. Let l be u(1).